se 4?
-112022311100
-5746178 (base 9) to base 10
-3101318
Convert -106321041 (base 7) to base 14.
-c1c558
Convert 49ba6 (base 15) to base 2.
111001011111110010
What is -100001011010001110111 (base 2) in base 5?
-240013100
-2271076 (base 8) to base 3
-1011110012112
472265 (base 8) to base 15
32a4e
Convert 40451643 (base 7) to base 15.
469ad3
128b1c (base 13) to base 8
1552603
Convert -74632163 (base 8) to base 14.
-218c7ab
Convert -222211000000222 (base 3) to base 14.
-1c6d4a2
What is -9307a82 (base 11) in base 12?
-5608763
-1221011021120 (base 3) to base 2
-11111010101001001100
What is 1b7216 (base 12) in base 5?
111124310
Convert 2c0db1 (base 16) to base 14.
552209
Convert 10001010011000100011 (base 2) to base 11.
357950
Convert 1783722 (base 10) to base 7.
21106233
What is -2687d (base 15) in base 13?
-44239
-147433 (base 11) to base 4
-320001030
What is -18456a (base 11) in base 12?
-118560
What is 1010000110010000 (base 2) in base 16?
a190
What is 12300222130 (base 4) in base 2?
110110000101010011100
Convert 11412042 (base 6) to base 4.
1113300122
What is ddc47a (base 14) in base 16?
72d24c
Convert 2132231 (base 5) to base 3.
1212011022
12220012200221 (base 3) to base 9
5805627
Convert 7665655 (base 8) to base 3.
10212121122222
What is 2112012020220 (base 3) in base 8?
5075503
What is 839664 (base 10) in base 8?
3147760
Convert -1309191 (base 10) to base 6.
-44021023
Convert 1e2fa0 (base 16) to base 5.
1001301042
What is 11021032133 (base 4) in base 5?
321123021
What is -13224210 (base 5) in base 2?
-100000011110111111
-123113224 (base 7) to base 16
-76cae3
What is 457577 (base 9) in base 13?
97c96
-21002022 (base 4) to base 6
-443150
What is -10111101011110011111001 (base 2) in base 11?
-3560809
203331003 (base 4) to base 5
14203032
-208a6 (base 13) to base 14
-17506
What is -35905 (base 13) in base 10?
-98194
What is -1000110111110011001 (base 2) in base 12?
-1202a1
-2565526 (base 9) to base 3
-2122012120220
What is 21741432 (base 8) in base 6?
244445054
What is 137665 (base 8) in base 7?
263040
Convert 111011001010102 (base 3) to base 11.
3a43448
Convert -312212030 (base 4) to base 5.
-24124003
Convert 73d1b (base 15) to base 6.
11513055
What is -a59d9c (base 15) in base 4?
-132003322002
What is 527806 (base 9) in base 12?
131950
Convert 4e1dc7 (base 15) to base 9.
7048707
52a20 (base 13) to base 15
2e1ca
What is -8b5a64 (base 12) in base 10?
-2228908
483674 (base 10) to base 4
1312011122
Convert 298863 (base 12) to base 5.
134334324
Convert -2a48d (base 14) to base 15.
-21271
What is -5112253 (base 7) in base 9?
-1126351
Convert 1014788 (base 9) to base 8.
2041575
What is 16542276 (base 9) in base 14?
115cc53
Convert 11041043 (base 6) to base 3.
121212110000
What is -10010100010001101 (base 2) in base 5?
-4412132
9153 (base 11) to base 10
12158
What is -863945 (base 13) in base 15?
-42346e
-35041223 (base 8) to base 9
-15302538
What is -2a541 (base 13) in base 7?
-452131
201210222021 (base 3) to base 13
108688
Convert 1000010010010100110 (base 2) to base 4.
1002102212
Convert -55155 (base 10) to base 15.
-11520
11001010100111111100 (base 2) to base 3
1120011110211
What is 14c9b2 (base 13) in base 6?
15001343
Convert -55345253 (base 8) to base 13.
-2611a5a
What is -11202011 (base 3) in base 9?
-4664
-1aa1b4 (base 16) to base 12
-702044
Convert 133333023 (base 4) to base 14.
35a67
Convert -11011001010001011 (base 2) to base 13.
-3b832
-11001000101101000 (base 2) to base 12
-4b574
-2c030b (base 16) to base 10
-2884363
What is 166305 (base 8) in base 15?
12e5d
What is 22130300310 (base 4) in base 13?
74ba79
-198503 (base 10) to base 11
-126158
What is 20101102012 (base 3) in base 12?
608a2
Convert -1031033220 (base 4) to base 9.
-532006
Convert -94597 (base 11) to base 4.
-201221030
What is 5757536 (base 10) in base 4?
111331221200
Convert -40662750 (base 9) to base 2.
-1001010011111011110110110
423486 (base 9) to base 2
111101100000000011
Convert 2f81 (base 16) to base 11.
9156
Convert -173132 (base 14) to base 3.
-1112102020220
Convert -2410144 (base 9) to base 12.
-52b794
What is -131410515 (base 6) in base 14?
-4b9075
What is 1001111011110001011 (base 2) in base 12?
138463
110010111001000000111010 (base 2) to base 5
11403400410
Convert 5005362 (base 7) to base 10.
590151
105403214 (base 6) to base 15
28633a
111202144 (base 5) to base 13
1425b5
Convert 2202122011010 (base 3) to base 9.
2678133
What is 23011401 (base 8) in base 9?
10337856
-12143122 (base 5) to base 9
-185275
3510312 (base 6) to base 13
64082
529a7a (base 11) to base 16
cefc5
Convert -12111101020 (base 3) to base 10.
-108168
-281ca (base 13) to base 7
-431520
Convert 1990417 (base 12) to base 2.
10100101001011101010011
Convert 855571 (base 10) to base 12.
353157
-416558 (base 9) to base 11
-15a021
-111100010011101110100 (base 2) to base 14
-39627a
What is -541865 (base 10) in base 15?
-aa845
What is -1100112 (base 4) in base 14?
-1c34
What is 36c37 (base 13) in base 15?
1ed94
Convert 1a2559b (base 12) to base 5.
2403302010
Convert 10652552 (base 7) to base 3.
1202121210222
What is 2c844 (base 16) in base 9?
307110
-20155255 (base 6) to base 11
-363274
144214341 (base 5) to base 7
6366632
What is 21011121300 (base 4) in base 11?
1387221
4413617 (base 8) to base 14
22c155
Convert -2332115 (base 12) to base 15.
-8e025e
Convert 4111120 (base 5) to base 12.
32522
Convert 12141212 (base 5) to base 10.
115182
What is 1010001001100111011 (base 2) in base 9?
556218
1200221121212 (base 3) to base 13
258875
15a009c (base 15) to base 16
ef7849
Convert 4109 (base 10) to base 2.
1000000001101
Convert 3202061 (base 9) to base 6.
100422514
What is -3044936 (base 12) in base 10?
-9049146
What is -22651326 (base 7) in base 13?
-54b517
What is -101011111111100010001 (base 2) in base 15?
-1d71d8
Convert 6c34b (base 15) to base 6.
11221112
What is 242212433 (base 5) in base 2?
100010100011011010011
174bb0 (base 12) to base 5
100340422
Convert -19372 (base 12) to base 5.
-2134211
100003011 (base 4) to base 3
10100011120
What is -657d (base 15) in base 16?
-53f5
-301112311131 (base 4) to base 2
-110001010110110101011101
Convert -3113303311 (base 5) to base 13.
-142720b
Convert -33130203 (base 4) to base 16.
-f723
-2001022011122 (base 3) to base 6
-35155242
-26c24 (base 15) to base 5
-12433414
624b9 (base 12) to base 14
34c0d
What is 114120022 (base 6) in base 15?
2c8ea8
What is 531b010 (base 12) in base 11?
896487a
2222121200202 (base 3) to base 11
994215
What is -16aa4 (base 14) in base 13?
-1cc25
Convert -a8e62 (base 15) to base 16.
-82fac
Convert -1b3b92 (base 14) to base 4.
-3231002210
Convert -182969 (base 10) to base 8.
-545271
1000110010010011100 (base 2) to base 7
2306234
-12143212 (base 6) to base 7
-3201044
-13123001231 (base 4) to base 10
-1945709
What is -966310 (base 11) in base 12?
-626595
1111101000000001000100 (base 2) to base 15
55d9b3
-172446 (base 8) to base 5
-4002013
What is 111320221212 (base 4) in base 9?
11713683
c87a21 (base 14) to base 7
111435541
Convert -22100200222 (base 3) to base 5.
-20231122
Convert 1000110101011101 (base 2) to base 7.
210336
112103033101 (base 4) to base 15
7a7214
-1230420 (base 11) to base 15
-2c3797
Convert -1101111000010110 (base 2) to base 10.
-56854
10067507 (base 8) to base 7
24032125
Convert 4215015 (base 6) to base 7.
1511252
-141a79 (base 14) to base 8
-2517753
What is 2317c26 (base 14) in base 13?
360b127
22112022111 (base 3) to base 15
34b34
What is -31811 (base 15) in base 4?
-212112022
What is -453711 (base 8) in base 9?
-253555
-10010111101011110001 (base 2) to base 8
-2275361
85660 (base 9) to base 5
3303143
Convert -123032342 (base 5) to base 9.
-1107461
What is -703673 (base 8) in base 6?
-4543031
-206a53 (base 11) to base 4
-1100321130
a81556 (base 11) to base 3
10020212121120
What is 16641026 (base 7) in base 5?
404441441
What is 40510133 (base 6) in base 16?
11b329
Convert -10101110001011010010 (base 2) to base 13.
-1bc95c
What is -41226062 (base 7) in base 2?
-1101001010110110110011
231313321123 (base 4) to base 12
403b1b7
-968740 (base 16) to base 9
-20505237
6b980 (base 12) to base 6
3034240
Convert -3bc35 (base 15) to base 14.
-4dc46
What is -597966 (base 10) in base 4?
-2101333032
What is 782282 (base 9) in base 13